)*(-2)/(-6). Suppose r*p + 5*p - 858 = 0. List the prime factors of p.
2, 3, 13
What are the prime factors of ((-16)/20)/((-6)/3225 + 0)?
2, 5, 43
Suppose -28516 + 4994 = -19*z. List the prime factors of z.
2, 619
Suppose -5*d - 5889 - 478 = -2*j, 5*j - 15880 = 5*d. List the prime factors of j.
3, 7, 151
Suppose 5*m + 5*l - 1086 = 404, -608 = -2*m + 4*l. List the prime factors of m.
2, 3, 5
Let d = 42 + 6. Let a = d - 18. Suppose 4*u = -w + 19, -2*w + a = -0*w + 4*u. What are the prime factors of w?
11
Suppose 0 = -2*f + 3*z - 16, -f + 4*z = 15 + 3. What are the prime factors of (31/f)/(((-11)/(-6))/(-11))?
3, 31
Let x(h) = 5*h**2 + h + 1. Let a(m) = -m**3 + 6*m**2 + 4. Let s be a(6). Let o = s - 6. List the prime factors of x(o).
19
Let n(z) be the first derivative of 31*z**2/2 - 50*z + 45. What are the prime factors of n(6)?
2, 17
Let n(z) be the second derivative of -z**4/12 + 2*z**3 - 5*z**2 - 3*z + 4. Let q(u) = -6*u - 2. Let f be q(-2). List the prime factors of n(f).
2, 5
Suppose -q - 8 = -3*j, -2*q - 16 = -6*q. Suppose f = -3*f + 16, 0 = -m - j*f + 24. Suppose 0 = 2*p - m - 14. What are the prime factors of p?
11
Suppose -4*l - 5*x - 93 + 1774 = 0, 5*x = -3*l + 1262. What are the prime factors of l?
419
Let y(z) = -39*z + 1. Let f = -37 - -36. What are the prime factors of y(f)?
2, 5
List the prime factors of -4 + 2 - (-518 + (-4 - -7)).
3, 19
Let k = 1087 + -566. Suppose -2*d + 6*r = 2*r - 314, 3*d + 4*r = k. What are the prime factors of d?
167
Suppose -d = -4*s - 776, -5*d + 3577 = 4*s - 351. Suppose d = 5*p - p. Suppose -3*c + n - 206 = -7*c, 4*c - 4*n - p = 0. What are the prime factors of c?
3, 17
Suppose -b + 5 = 0, 11 - 31 = -o - 2*b. Suppose -3*p + 5*x + o = -2*p, -3*p + 10 = 5*x. Suppose p*u + 2 = -2*z + u, 3*z = u + 11. List the prime factors of z.
3
Suppose 157 + 182 = 4*i + 3*o, 3*o = 3*i - 270. What are the prime factors of i?
3, 29
Let p(c) = c**2 + 14*c - 19. Let b be p(-15). List the prime factors of (b - -12)*4/2.
2
List the prime factors of 2/(((-2)/121)/(-2)).
2, 11
Let q be (16/(-3))/((-22)/33). Let b = 15 - q. What are the prime factors of b/(3/24*2)?
2, 7
Suppose 2*u - 172 = -2*r, -2*r + 3*r - 4*u = 81. What are the prime factors of r?
5, 17
What are the prime factors of 190/15*24 - -2?
2, 3, 17
Let n = -34 - -23. Let h be (-2)/n - 964/(-22). Suppose -h = -7*c + 6*c. List the prime factors of c.
2, 11
Let x(d) = 45*d**2 - 20*d + 49. List the prime factors of x(5).
2, 3, 179
Suppose 3*i + 1 - 13 = 0. Suppose -2*w - i = -2. List the prime factors of -2 + 10 + -3 + w.
2
Let n = 22 + -16. Let w(a) = -a**2 + 6*a. Let f be w(n). Suppose d - 2*d + 30 = f. List the prime factors of d.
2, 3, 5
Suppose -27*x + 3595 = 760. List the prime factors of x.
3, 5, 7
Let v = 66 + 189. What are the prime factors of v?
3, 5, 17
Let s(z) = 2*z - 1. Let g be s(-4). Suppose -4*b + 6*b - 44 = 0. Let x = g + b. What are the prime factors of x?
13
Suppose -5*o + 1 = 2*p, -p + 3 = -3*o - 3. Let y be (-5)/(-10)*-2 + p. What are the prime factors of -2 + -15*y/(-3)?
2
Let d = 26 - -313. List the prime factors of d.
3, 113
Let d be 2 + 1/1 + -11. Let p be (-2)/d + (-5)/4. Let q = 30 + p. What are the prime factors of q?
29
Suppose 4*o = -47 + 7. Let z be (13/39)/(5/(-30)). List the prime factors of z/o + (-279)/(-5).
2, 7
Let a = -5 + 14. Let d(g) = g**2 + 28. List the prime factors of d(a).
109
Let w be (-10)/(-5) + -2 - -118. Let n = 69 + w. List the prime factors of n.
11, 17
Let b(d) = -7*d + 25. Let f be b(5). What are the prime factors of -4*171/(-6) + f/5?
2, 7
Let i be (-4)/(-14) + 11392/112. Suppose 103*f = i*f + 111. What are the prime factors of f?
3, 37
Let m(r) = 2*r**2 + 3*r - 6. Let q(l) = -l**3 - 11*l**2 - 9*l + 10. Let a be q(-10). Suppose 0*o - o - 5 = a. List the prime factors of m(o).
29
Suppose -48 = -2*c + 42. Let o be (-4)/18 + 1045/c. Suppose b = 4*b + u - 18, -2*b + 3*u = -o. What are the prime factors of b?
7
Let b(h) = h**3 - 2*h**2 + 4*h - 3. Let s be b(2). Let o be (s - 4)*1 - -155. Suppose -l - o = -5*l. List the prime factors of l.
3, 13
Let a(g) be the first derivative of 3*g**2/2 + 9*g + 9. What are the prime factors of a(14)?
3, 17
Suppose -5*n + 5*l = -10, 1 = -n - l - 1. Let f be 8/2 + n - 3. What are the prime factors of 14/f - (-4)/(-2)?
2, 3
Suppose -2*c = 3*x - 190 - 697, 0 = 4*x - 4. List the prime factors of c.
2, 13, 17
Suppose -11*k + 122 = 23. Let m(z) = 6*z - 12. What are the prime factors of m(k)?
2, 3, 7
Let c(x) = -4*x + 9*x + 4 - 6 + 3. Let k be c(4). Suppose 0*u - 3 = 4*d + 5*u, 3*u + k = 4*d. What are the prime factors of d?
3
Let w(r) = -2*r**3 - 63*r**2 + 28*r + 44. List the prime factors of w(-32).
2, 43
Let k(q) = -q**2 + 9*q - 14. Let z be k(8). Let n be ((-8)/z)/((-4)/(-6)). Suppose 61 = 5*g - 3*m, 0 = -5*g + 3*m + n*m + 55. What are the prime factors of g?
2, 7
Suppose 3*n - z + 2 = -0, 8 = -4*n + 4*z. Suppose n = -2*g + 4*g + 34. What are the prime factors of 4/(-2) + (2 - g)?
17
Let a = 3607 - 861. What are the prime factors of a?
2, 1373
Let f = -13 + 13. Suppose -b - 4*h + 7*h - 14 = f, 5*b + 5*h = 30. List the prime factors of 14 - (b + 1)*-1.
2
Let d(n) = 3*n**2 - 5*n - 10. Let y be (-4*(-5 + 4))/(2/(-3)). What are the prime factors of d(y)?
2
Let h(x) = -x**3 - x**2 + 19. Let f be h(0). Let j = -15 + f. List the prime factors of (-2744)/(-88) - j/22.
31
Suppose -481*y = -496*y + 50070. List the prime factors of y.
2, 1669
Let w = 210 - 209. Let k(d) = 13*d. Let c(b) = -7*b. Let v(h) = -7*c(h) - 3*k(h). List the prime factors of v(w).
2, 5
List the prime factors of ((-2924040)/(-65))/8 + (-10)/65.
5623
Suppose -4*k + 11764 = 3*o, 0 = -2*k + k + 4*o + 2960. List the prime factors of k.
2, 23
Let y(c) = -3*c**3 + 38*c**2 + 2*c + 47. Let i(l) = l**3 - 13*l**2 - l - 16. Let m(o) = 17*i(o) + 6*y(o). What are the prime factors of m(6)?
2
What are the prime factors of (-1)/6 + (6529/6 - 2)?
2, 3, 181
Let k = -98 + 183. Suppose 3*h = -6, k = -3*z - 5*h - 69. Let q = z - -88. What are the prime factors of q?
2, 5
Let p = -435 + 178. Let k = -183 - p. List the prime factors of -4 + (-2)/((-4)/k).
3, 11
Suppose 0 = 23*k - 68*k + 154530. List the prime factors of k.
2, 17, 101
Let w = 0 + 7. Suppose -2*n + 3 - w = 0. What are the prime factors of 303/27 - n/(-9)?
11
Let f be 4/14 - 112/49. List the prime factors of 1*-302*(f/1)/4.
151
Suppose -4*d - 4 = -2*d, 5*d + 52 = 3*s. Let r(n) = n**2 + 10*n - 13. List the prime factors of r(s).
17, 19
Let y be ((-18)/7)/((-6)/1218). Suppose 2*m - 348 = -2*u, -y = -10*m + 7*m + 5*u. List the prime factors of m.
2, 3, 29
Let v(b) = 1340*b**2 + 95*b + 195. List the prime factors of v(-2).
5, 29, 37
List the prime factors of 5 - ((-4)/(-14) + (-80102)/77).
5, 11, 19
Suppose -w + p = 0, -3*w + 2*w + 8 = 3*p. Suppose -w*v - 15 = -7*v. What are the prime factors of (1/v)/(8/552)?
23
Let c(f) = -f**2 + 3*f + 7. Let x be c(-13). Let p = -37 - x. Suppose -5*l + p = -81. List the prime factors of l.
7
Let w(c) = 3*c**3 - 12*c**2 - 5*c - 8. Let h(x) = 2*x**3 - 11*x**2 - 5*x - 8. Let v(z) = 4*h(z) - 3*w(z). List the prime factors of v(-8).
2
Suppose -5*p + 16 = g, 0*g + g - 3*p = 0. Let u = -2 + 5. Suppose u*r + g = 6*r. What are the prime factors of r?
2
Let r(x) = -x**2 - x + 3. Let y be r(0). Suppose -y*o = -199 + 28. What are the prime factors of o?
3, 19
Let u(a) = -5*a**2 - 3*a + 1. Let f be u(-4). Let c = f + 131. List the prime factors of c.
2
Let d = 2324 + -1204. What are the prime factors of d?
2, 5, 7
Let h = -49 - -81. Suppose i - 105 = h. What are the prime factors of i?
137
Let x = -32 + 38. Suppose 4*s - 86 = 70. List the prime factors of (-1044)/(-26) - x/s.
2, 5
What are the prime factors of 14948/24 + (-3)/(-18)?
7, 89
Suppose u - 2*a = 3557 + 2439, 2*u - a - 11977 = 0. Suppose -15*l - 1966 + u = 0. List the prime factors of l.
2, 67
Let i(n) = n + 4. Let t be i(-9). Suppose -17*h + 13*h + 8 = 0. What are the prime factors of 20/(-8)*h*t?
5
Let l be ((-12)/8)/(3/(-8)). Suppose 0 = -0*m + 5*m - 3*j + 211, 161 = -l*m + 5*j. Let r = m - -62. List the prime factors of r.
2, 3
Let z(l) = l**2 - 3*l - 50. Let w be z(9). Let m(u) be the second derivative of -u**4/12 + 3*u**3/2 + u. What are the prime factors of m(w)?
2, 5
Suppose 21 + 2100 = 3*b. 